he remainder when b is divided by o(u).
17
Let b(q) be the third derivative of -q**5/60 - 25*q**4/24 - 25*q**3/6 + 22*q**2 - 1. Calculate the remainder when 61 is divided by b(-21).
2
Let s(p) = 5*p**2 + 36*p + 13. Calculate the remainder when s(-15) is divided by 191.
25
Let k be 3/(-6)*0/(-3). Calculate the remainder when 44 - 2 - (0 + 4 - k) is divided by 4.
2
Calculate the remainder when (-23)/5 + 5 + -389*(-28)/20 is divided by 73.
34
Let v = -7332 - -7849. What is the remainder when v is divided by 46?
11
Let z(x) = 1382*x - 3215. Calculate the remainder when z(4) is divided by 23.
13
Let l(f) = -140*f + 784. Calculate the remainder when 1055 is divided by l(4).
159
Let f be (1 + 3)/(0 + (-2 - -1)). Let n be ((-10)/f)/5 - 3/(-6). Suppose -g = -7 - n. Calculate the remainder when 27 is divided by g.
3
Let i = 160 + -36. Let t = i + -105. What is the remainder when t is divided by 11?
8
Let h be (-50)/10*(432/5)/2. What is the remainder when 81 is divided by ((-77)/(-21) - 4)*h?
9
Let x(y) = 3*y - 6. Suppose -4*i + 22 = 4*r - 422, i - 5*r = 135. Suppose 6*j - j - i = 0. What is the remainder when j is divided by x(6)?
11
Suppose 132*t + 690 = 162*t. Let w be (-4)/8 + (-62)/(-4). Suppose -g + w = 4*g. Calculate the remainder when t is divided by g.
2
Suppose -46*u + 1813 = -4121. What is the remainder when u is divided by 20?
9
Suppose -11*i = -1 - 21. Suppose 4*f = -i*f - 480. Let j = 135 + f. Calculate the remainder when 216 is divided by j.
51
Suppose 0 = -n + 4*a + 434, 3*a - 530 = -n - 61. Calculate the remainder when n is divided by 446.
8
Suppose c = 3*c - 3*y - 12, 0 = c - 3*y. Suppose -13 - 443 = -c*h. What is the remainder when h is divided by 18?
2
Let a be 6/((-48)/(-40)) + 199. Suppose 214*j = 211*j + a. Calculate the remainder when 404 is divided by j.
64
Suppose 2*k + 0 = 2, -11 = -3*b - 5*k. Suppose -y = 2*c - 48, 0 = -3*y - b*c - 0*c + 136. What is the remainder when 88 is divided by y?
0
Let u(y) = -5*y + 100. Suppose -4*f - 4*j + 55 = 15, -f = 3*j - 2. Let o(d) = d + 148. What is the remainder when o(0) is divided by u(f)?
28
Calculate the remainder when 404 is divided by (-5790)/(-48) + ((-40)/64)/((-40)/24).
41
Let y be 17*(-9 - (5 - 1) - -5). Calculate the remainder when 395 is divided by -18 + 16 + (-3)/(6/y).
65
Let x(n) = 936*n - 5548. Calculate the remainder when 2787 is divided by x(6).
67
Calculate the remainder when ((-833)/(-147))/(7/2247) is divided by 61.
50
Let z(a) be the third derivative of 5*a**4/12 - 4*a**3/3 - 53*a**2. What is the remainder when 157 is divided by z(4)?
29
Let u = 465 - 309. Suppose 227*o - u = 223*o. Calculate the remainder when o is divided by 6.
3
Let m(l) = 259*l**2 + 314*l - 623. What is the remainder when m(2) is divided by 175?
166
Suppose -3*m - 2*m + 41 = -d, -3*m + 5*d = -7. What is the remainder when m is divided by (((-8)/(-5))/4)/((-2265)/(-150) - 15)?
1
Suppose -48*k + 49*k - 192 = -x, -3*k + 382 = 2*x. Calculate the remainder when 573 is divided by x.
185
Suppose -7*h + 24*y + 29 = 26*y, -37 = -5*h + 4*y. What is the remainder when 1244 is divided by h?
4
Suppose -36*w = -69*w + 66. What is the remainder when 731 is divided by w?
1
Let u be (-12)/(-16) + 3926/(-8). Calculate the remainder when u/(-4) + 21/42 is divided by 16.
11
Let x be (9 + -11)*4/((-24)/567). Let s = x + -134. Calculate the remainder when s is divided by 16.
7
What is the remainder when (-27)/(-45)*6995/3 is divided by 59?
42
Let g(b) = 23*b - 37. Let d be (0 - -1 - 2)/1*-4. Calculate the remainder when g(d) is divided by 19.
17
Suppose j + 8058 = -16*j. Let y = 489 + j. What is the remainder when 103 is divided by y?
13
Suppose -44*t = -47*t + 78. Suppose 487*f = 537*f - 9250. What is the remainder when f is divided by t?
3
Let v(y) = -y**3 - 12*y**2 - 13*y - 24. Let u be v(-11). Let w = -145 + 213. Calculate the remainder when w is divided by 1/1*(u - 0)*-5.
8
Let t = 2944 - 1963. Suppose 18*u - 1017 - t = 0. Calculate the remainder when u is divided by 20.
11
Suppose -2*y - 2*y = -5*k - 321, -y + 75 = 4*k. What is the remainder when -137 - -129 - (-314)/1 is divided by y?
69
Suppose 3*b - 5 - 1 = t, -2*b + 6 = 0. Suppose t*o + 5*p + 411 = 0, 2*p = -3*o - 0*p - 420. Let s = -101 - o. What is the remainder when 120 is divided by s?
38
Suppose 8*v - 4555 = -651. Let m = v + -464. What is the remainder when 214 is divided by m?
22
Suppose 115*h + 1442 = 14748 - 1346. Calculate the remainder when 404 is divided by h.
92
Suppose -426 = -4*t - 3*v, -45*t = -47*t - 4*v + 198. Calculate the remainder when 192 is divided by t.
81
Let b(g) = -g - 69. Let x(i) = -5*i - 277. Let r(p) = -9*b(p) + 2*x(p). What is the remainder when 212 is divided by r(12)?
47
Let u be ((-24)/9)/(-2*(-1)/(-3)). Suppose u*i - 44 = -2*c, -5*i = -8*c + 4*c + 114. Calculate the remainder when c is divided by 22.
4
Suppose -14 = -2*m + 4. Suppose 228 = -m*r + 13*r. What is the remainder when r is divided by 12?
9
Let w = -21687 + 21958. Calculate the remainder when 657 is divided by w.
115
Calculate the remainder when 3742 is divided by (2/(-31) - 707315/(-15190)) + 3/2.
46
Let z = 3373 + -3170. Suppose 7*f - 214 = 3*f + 2*v, -f - 3*v = -36. Calculate the remainder when z is divided by f.
50
Let c be 10/(-8) + 3325/100. Suppose 4 = -31*y + c*y. Calculate the remainder when 11 is divided by y.
3
Calculate the remainder when (21992/40 + 3)*-5*6/(-8) is divided by 5.
3
Let b = -9612 + 9656. What is the remainder when 2859 is divided by b?
43
Let w(t) = -t**3 + 42*t**2 - 25*t - 75. Let k be (6/(-18))/(10/(-1230)). Calculate the remainder when w(k) is divided by 97.
96
Let v(g) = 31*g + 204. Let w(k) = -15*k - 102. Let r(u) = 3*v(u) + 7*w(u). Calculate the remainder when r(-11) is divided by 12.
6
Let i(j) = 2*j + 40. Calculate the remainder when i(9) is divided by (16 - -19)/1 - (3 + 0).
26
Suppose -o + 74 = -3*r, 3*o - 77 = -5*r + 89. Let y(f) = -64*f + 192. Let x be y(3). Suppose -k - k + o = x. What is the remainder when k is divided by 18?
13
Suppose 15*t = t. Suppose t = -7*r + r + 708. Calculate the remainder when r is divided by 11.
8
Let x = -1848 + 1877. Calculate the remainder when 1158 is divided by x.
27
Let k = 2350 - 2332. What is the remainder when 12077 is divided by k?
17
Suppose 22*u + 89*u - 15*u - 152736 = 0. What is the remainder when u is divided by 59?
57
Suppose 0 = -2*i - 29 - 39. What is the remainder when 71/(1/1) + -1 is divided by 4/i - (4 - (-2256)/(-102))?
16
Suppose 0*y + 350 = 3*w + 2*y, 4*y + 480 = 4*w. Let r = 137 - w. Let s(h) = -74*h**3 + h**2. What is the remainder when s(-1) is divided by r?
18
Let d(n) be the first derivative of 3*n**2/2 - 10*n + 38. What is the remainder when d(17) is divided by 14?
13
Let z be ((50/15)/(-5))/(2/6). Let k be (8/20)/(z/(-50)). Let j = 34 - k. What is the remainder when 118 is divided by j?
22
Let b = -10758 - -10836. What is the remainder when 4055 is divided by b?
77
Suppose 0 = -7*q + 5*q + 8. Suppose -5*u + 84 - 94 = 0. Calculate the remainder when ((-15)/u)/(15/10 - 1) is divided by q.
3
Suppose -5*g + 269 = -3*d - 1364, -3*g + 945 = 4*d. What is the remainder when g is divided by 227?
96
Suppose 68*l - 8925 = -17*l. What is the remainder when 383 is divided by l?
68
Let f = -3000 + 3040. Calculate the remainder when 1953 is divided by f.
33
Suppose -2*i = -m + 39, 209*m + 135 = 214*m + 2*i. Let o(u) = -22*u + 3. What is the remainder when o(-5) is divided by m?
26
Suppose -38*y - 105 + 393 = -510. Calculate the remainder when 1718 is divided by y.
17
Let m = -266 - -124. Let j = m - -181. Calculate the remainder when j is divided by 10.
9
Suppose 245 + 171 = 2*x. Calculate the remainder when x is divided by 6.
4
Suppose -3*h + 75 = -0*h + 3*l, 53 = 2*h + 3*l. Suppose -6*n = n + 91. Calculate the remainder when h is divided by (n/2*2)/(-1).
9
Let t = -1796 - -2301. What is the remainder when 1636 is divided by t?
121
Suppose -2*x - 2 = 0, 26 = 3*a - 7*x + 5*x. What is the remainder when 294/(-4)*2/(-3) is divided by (12/a)/(3 + 150/(-52))?
10
Let v = 917 - 207. What is the remainder when v is divided by 8?
6
Suppose 2150 + 127 = 40*k - 7*k. Calculate the remainder when k is divided by 44.
25
Let t(z) be the second derivative of z**4/12 + 2*z**3/3 - 5*z**2/2 - 